{"id":12,"date":"2017-10-14T19:24:50","date_gmt":"2017-10-14T17:24:50","guid":{"rendered":"http:\/\/www.brokind.se\/bbs\/?page_id=12"},"modified":"2021-01-28T15:05:55","modified_gmt":"2021-01-28T14:05:55","slug":"om-bbs","status":"publish","type":"page","link":"https:\/\/www.brokind.se\/bbs\/om-bbs\/","title":{"rendered":"Om BBS"},"content":{"rendered":"<h2>Historia<\/h2>\n<p>B\u00e5tar och b\u00e5tliv har l\u00e4nge varit en del av livet i Brokind. Den f\u00f6rsta st\u00f6rre gemensamma b\u00e5tbryggan byggdes p\u00e5 1960-talet i Brokinds Fastighets\u00e4garf\u00f6renings regi. P\u00e5 den tiden fanns det ett tiotal platser och b\u00e5tarna var i allm\u00e4nhet roddb\u00e5tar med sm\u00e5 aktersnurror. Bilden \u00f6verst till v\u00e4nster nedan visar den f\u00f6rsta b\u00e5tbryggan. Bilden \u00e4r fr\u00e5n andra halvan av 60-talet.<\/p>\n<p><img loading=\"lazy\" decoding=\"async\" class=\"alignnone wp-image-92 size-full\" src=\"http:\/\/www.brokind.se\/bbs\/wp-content\/uploads\/2017\/10\/BBS-vykort.jpg\" alt=\"\" width=\"862\" height=\"610\" srcset=\"https:\/\/www.brokind.se\/bbs\/wp-content\/uploads\/2017\/10\/BBS-vykort.jpg 862w, https:\/\/www.brokind.se\/bbs\/wp-content\/uploads\/2017\/10\/BBS-vykort-300x212.jpg 300w, https:\/\/www.brokind.se\/bbs\/wp-content\/uploads\/2017\/10\/BBS-vykort-768x543.jpg 768w, https:\/\/www.brokind.se\/bbs\/wp-content\/uploads\/2017\/10\/BBS-vykort-537x380.jpg 537w\" sizes=\"auto, (max-width: 862px) 100vw, 862px\" \/><\/p>\n<p>Med tiden ans\u00e5gs att b\u00e5tfr\u00e5gorna skulle hanteras b\u00e4ttre i en egen f\u00f6rening och den 10 juni 1976 bildades Brokinds B\u00e5ts\u00e4llskap. S\u00e4llskapet \u00e4r i f\u00f6rsta hand till f\u00f6r brokindsbor och de som bor i n\u00e4rheten av Brokind.<\/p>\n<p>B\u00e5tklubbens \u00e4ndam\u00e5l och syfte \u00e4r att verka f\u00f6r medlemmarna genom att<\/p>\n<ul>\n<li>tillvarata b\u00e5tfolkets intressen i fr\u00e5gor som r\u00f6r, bland annat, sm\u00e5b\u00e5tshamnar och uppl\u00e4ggningsplatser<\/li>\n<li>vara r\u00e5dgivande kontaktorgan och remissinstans f\u00f6r lokala myndigheter och organisationer<\/li>\n<li>genom upplysningar och information verka f\u00f6r \u00f6kad sj\u00f6s\u00e4kerhet<\/li>\n<li>genom olika arrangemang inom b\u00e5tklubbens ram verka f\u00f6r medlemmarnas trevnad<\/li>\n<\/ul>\n<p>Under \u00e5rens lopp har bryggan flyttas och successivt byggts ut. N\u00e4r b\u00e5tarna blev st\u00f6rre tillkom ytterligare en brygga f\u00f6r lite st\u00f6rre b\u00e5tar.<\/p>\n<h2>BBS idag<\/h2>\n<p>Lite siffror om dagens BBS:<\/p>\n<p><strong>Antal medlemmar:<\/strong> cirka 80 stycken<br \/>\n<strong>Antal bryggplatser:<\/strong> 47 stycken, varav 34 stycken med Y-bom och sex f\u00f6r lite st\u00f6rre b\u00e5tar, dessutom finns ett kanotst\u00e4ll med sex platser.<\/p>\n<p>Vi har en ramp f\u00f6r sj\u00f6s\u00e4ttning av mindre b\u00e5tar som \u00e4ven kan utnyttjas av icke medlemmar mot en mindre avgift. Det finns en parkeringsplats p\u00e5 omr\u00e5det som delas med badplatsen.<\/p>\n<p>P\u00e5 grund av platsbrist har vi f\u00f6r n\u00e4rvarande ingen g\u00e4stplats.<\/p>\n<p>BBS \u00e4r medlemmar i B\u00e5tunionen via \u00d6sterg\u00f6tlands B\u00e5tf\u00f6rbund<\/p>\n<div id=\"karta\"><div id=\"wpgmza_map\" class=\"wpgmza_map\" data-settings=\"{&quot;id&quot;:&quot;1&quot;,&quot;map_title&quot;:&quot;BBS karta&quot;,&quot;map_width&quot;:&quot;100&quot;,&quot;map_height&quot;:&quot;400&quot;,&quot;map_start_lat&quot;:&quot;58.216575&quot;,&quot;map_start_lng&quot;:&quot;15.669638&quot;,&quot;map_start_location&quot;:&quot;58.21657470723336,15.669637915405232&quot;,&quot;map_start_zoom&quot;:&quot;14&quot;,&quot;default_marker&quot;:&quot;0&quot;,&quot;type&quot;:&quot;1&quot;,&quot;alignment&quot;:&quot;1&quot;,&quot;directions_enabled&quot;:&quot;1&quot;,&quot;styling_enabled&quot;:&quot;0&quot;,&quot;styling_json&quot;:&quot;&quot;,&quot;active&quot;:&quot;0&quot;,&quot;kml&quot;:&quot;&quot;,&quot;bicycle&quot;:&quot;0&quot;,&quot;traffic&quot;:&quot;0&quot;,&quot;dbox&quot;:&quot;1&quot;,&quot;dbox_width&quot;:&quot;100&quot;,&quot;listmarkers&quot;:&quot;0&quot;,&quot;listmarkers_advanced&quot;:&quot;0&quot;,&quot;filterbycat&quot;:&quot;0&quot;,&quot;ugm_enabled&quot;:&quot;0&quot;,&quot;ugm_category_enabled&quot;:&quot;0&quot;,&quot;fusion&quot;:&quot;&quot;,&quot;map_width_type&quot;:&quot;\\\\%&quot;,&quot;map_height_type&quot;:&quot;px&quot;,&quot;mass_marker_support&quot;:&quot;1&quot;,&quot;ugm_access&quot;:&quot;0&quot;,&quot;order_markers_by&quot;:&quot;1&quot;,&quot;order_markers_choice&quot;:&quot;2&quot;,&quot;show_user_location&quot;:&quot;0&quot;,&quot;default_to&quot;:&quot;&quot;,&quot;other_settings&quot;:{&quot;store_locator_enabled&quot;:2,&quot;store_locator_distance&quot;:2,&quot;store_locator_default_radius&quot;:&quot;10&quot;,&quot;store_locator_not_found_message&quot;:&quot;No results found in this location. Please try again.&quot;,&quot;store_locator_bounce&quot;:1,&quot;store_locator_query_string&quot;:&quot;Postnummer \\\/ Adress:&quot;,&quot;store_locator_default_address&quot;:&quot;&quot;,&quot;wpgmza_store_locator_restrict&quot;:&quot;&quot;,&quot;map_max_zoom&quot;:&quot;1&quot;,&quot;transport_layer&quot;:0,&quot;wpgmza_theme_data&quot;:&quot;[{\\\\\\&quot;featureType\\\\\\&quot;:\\\\\\&quot;landscape\\\\\\&quot;,\\\\\\&quot;stylers\\\\\\&quot;:[{\\\\\\&quot;saturation\\\\\\&quot;:-100},{\\\\\\&quot;lightness\\\\\\&quot;:65},{\\\\\\&quot;visibility\\\\\\&quot;:\\\\\\&quot;on\\\\\\&quot;}]},{\\\\\\&quot;featureType\\\\\\&quot;:\\\\\\&quot;poi\\\\\\&quot;,\\\\\\&quot;stylers\\\\\\&quot;:[{\\\\\\&quot;saturation\\\\\\&quot;:-100},{\\\\\\&quot;lightness\\\\\\&quot;:51},{\\\\\\&quot;visibility\\\\\\&quot;:\\\\\\&quot;simplified\\\\\\&quot;}]},{\\\\\\&quot;featureType\\\\\\&quot;:\\\\\\&quot;road.highway\\\\\\&quot;,\\\\\\&quot;stylers\\\\\\&quot;:[{\\\\\\&quot;saturation\\\\\\&quot;:-100},{\\\\\\&quot;visibility\\\\\\&quot;:\\\\\\&quot;simplified\\\\\\&quot;}]},{\\\\\\&quot;featureType\\\\\\&quot;:\\\\\\&quot;road.arterial\\\\\\&quot;,\\\\\\&quot;stylers\\\\\\&quot;:[{\\\\\\&quot;saturation\\\\\\&quot;:-100},{\\\\\\&quot;lightness\\\\\\&quot;:30},{\\\\\\&quot;visibility\\\\\\&quot;:\\\\\\&quot;on\\\\\\&quot;}]},{\\\\\\&quot;featureType\\\\\\&quot;:\\\\\\&quot;road.local\\\\\\&quot;,\\\\\\&quot;stylers\\\\\\&quot;:[{\\\\\\&quot;saturation\\\\\\&quot;:-100},{\\\\\\&quot;lightness\\\\\\&quot;:40},{\\\\\\&quot;visibility\\\\\\&quot;:\\\\\\&quot;on\\\\\\&quot;}]},{\\\\\\&quot;featureType\\\\\\&quot;:\\\\\\&quot;transit\\\\\\&quot;,\\\\\\&quot;stylers\\\\\\&quot;:[{\\\\\\&quot;saturation\\\\\\&quot;:-100},{\\\\\\&quot;visibility\\\\\\&quot;:\\\\\\&quot;simplified\\\\\\&quot;}]},{\\\\\\&quot;featureType\\\\\\&quot;:\\\\\\&quot;administrative.province\\\\\\&quot;,\\\\\\&quot;stylers\\\\\\&quot;:[{\\\\\\&quot;visibility\\\\\\&quot;:\\\\\\&quot;off\\\\\\&quot;}]},{\\\\\\&quot;featureType\\\\\\&quot;:\\\\\\&quot;water\\\\\\&quot;,\\\\\\&quot;elementType\\\\\\&quot;:\\\\\\&quot;labels\\\\\\&quot;,\\\\\\&quot;stylers\\\\\\&quot;:[{\\\\\\&quot;visibility\\\\\\&quot;:\\\\\\&quot;on\\\\\\&quot;},{\\\\\\&quot;lightness\\\\\\&quot;:-25},{\\\\\\&quot;saturation\\\\\\&quot;:-100}]},{\\\\\\&quot;featureType\\\\\\&quot;:\\\\\\&quot;water\\\\\\&quot;,\\\\\\&quot;elementType\\\\\\&quot;:\\\\\\&quot;geometry\\\\\\&quot;,\\\\\\&quot;stylers\\\\\\&quot;:[{\\\\\\&quot;hue\\\\\\&quot;:\\\\\\&quot;#ffff00\\\\\\&quot;},{\\\\\\&quot;lightness\\\\\\&quot;:-25},{\\\\\\&quot;saturation\\\\\\&quot;:-97}]}]&quot;,&quot;wpgmza_theme_selection&quot;:3,&quot;wpgmza_show_points_of_interest&quot;:1}}\" data-map-id='1' Data-maps-engine='' data-shortcode-attributes=\"{&quot;id&quot;:&quot;1&quot;}\" style=\"display:block; overflow:auto; width:100%; height:400px; float:left;\"><\/div><\/div>\n","protected":false},"excerpt":{"rendered":"<p>Historia B\u00e5tar och b\u00e5tliv har l\u00e4nge varit en del av livet i Brokind. Den f\u00f6rsta st\u00f6rre gemensamma b\u00e5tbryggan byggdes p\u00e5 1960-talet i Brokinds Fastighets\u00e4garf\u00f6renings regi. P\u00e5 den tiden fanns det ett tiotal platser och b\u00e5tarna var i allm\u00e4nhet roddb\u00e5tar med sm\u00e5 aktersnurror. Bilden \u00f6verst till v\u00e4nster nedan visar den f\u00f6rsta b\u00e5tbryggan. Bilden \u00e4r fr\u00e5n andra [&hellip;]<\/p>\n","protected":false},"author":1,"featured_media":0,"parent":0,"menu_order":0,"comment_status":"closed","ping_status":"closed","template":"page-templates\/full-width-page.php","meta":{"_acf_changed":false,"footnotes":""},"class_list":["post-12","page","type-page","status-publish","hentry","without-featured-image"],"acf":[],"_links":{"self":[{"href":"https:\/\/www.brokind.se\/bbs\/wp-json\/wp\/v2\/pages\/12","targetHints":{"allow":["GET"]}}],"collection":[{"href":"https:\/\/www.brokind.se\/bbs\/wp-json\/wp\/v2\/pages"}],"about":[{"href":"https:\/\/www.brokind.se\/bbs\/wp-json\/wp\/v2\/types\/page"}],"author":[{"embeddable":true,"href":"https:\/\/www.brokind.se\/bbs\/wp-json\/wp\/v2\/users\/1"}],"replies":[{"embeddable":true,"href":"https:\/\/www.brokind.se\/bbs\/wp-json\/wp\/v2\/comments?post=12"}],"version-history":[{"count":9,"href":"https:\/\/www.brokind.se\/bbs\/wp-json\/wp\/v2\/pages\/12\/revisions"}],"predecessor-version":[{"id":357,"href":"https:\/\/www.brokind.se\/bbs\/wp-json\/wp\/v2\/pages\/12\/revisions\/357"}],"wp:attachment":[{"href":"https:\/\/www.brokind.se\/bbs\/wp-json\/wp\/v2\/media?parent=12"}],"curies":[{"name":"wp","href":"https:\/\/api.w.org\/{rel}","templated":true}]}}